ate the remainder when 3238652 is divided by 647710.
102
What is the remainder when 835162 is divided by 408?
394
What is the remainder when 2237897728 is divided by 4866?
4864
Calculate the remainder when 127749 is divided by 1490.
1099
What is the remainder when 191609 is divided by 3262?
2413
What is the remainder when 1099607 is divided by 1737?
86
Calculate the remainder when 500046971 is divided by 75.
71
What is the remainder when 54176 is divided by 2702?
136
Calculate the remainder when 11737 is divided by 11705.
32
What is the remainder when 36988360 is divided by 123?
46
Calculate the remainder when 4161614 is divided by 7.
2
What is the remainder when 206077817 is divided by 52?
49
What is the remainder when 6404590 is divided by 2095?
175
What is the remainder when 280211 is divided by 1831?
68
What is the remainder when 11093040 is divided by 105?
0
Calculate the remainder when 1980870 is divided by 1824.
6
Calculate the remainder when 70709106 is divided by 316.
314
What is the remainder when 1387765 is divided by 128?
117
Calculate the remainder when 2681510 is divided by 995.
980
What is the remainder when 1389777 is divided by 463255?
12
Calculate the remainder when 342399 is divided by 25.
24
Calculate the remainder when 39523 is divided by 844.
699
What is the remainder when 28991606 is divided by 192?
182
Calculate the remainder when 1419780 is divided by 291.
282
Calculate the remainder when 4384644 is divided by 5302.
5192
Calculate the remainder when 29752 is divided by 852.
784
Calculate the remainder when 43121 is divided by 5362.
225
What is the remainder when 6570821 is divided by 328540?
21
What is the remainder when 41211 is divided by 300?
111
What is the remainder when 25152906 is divided by 12576435?
36
What is the remainder when 9597244 is divided by 96?
28
Calculate the remainder when 2297805 is divided by 2988.
33
What is the remainder when 121028483 is divided by 40342824?
11
Calculate the remainder when 986112 is divided by 90.
72
What is the remainder when 6738727 is divided by 28?
23
What is the remainder when 263847 is divided by 19367?
12076
Calculate the remainder when 46415 is divided by 15396.
227
What is the remainder when 1974574 is divided by 357?
7
Calculate the remainder when 14999628 is divided by 7700.
28
What is the remainder when 38859 is divided by 86?
73
What is the remainder when 29571 is divided by 14569?
433
What is the remainder when 45987 is divided by 958?
3
Calculate the remainder when 36133023 is divided by 34.
33
Calculate the remainder when 1433771 is divided by 533.
1
Calculate the remainder when 5171085 is divided by 178.
7
What is the remainder when 5878001 is divided by 587797?
31
Calculate the remainder when 14139 is divided by 520.
99
What is the remainder when 146708829 is divided by 810?
9
What is the remainder when 59096946 is divided by 2?
0
Calculate the remainder when 6275383 is divided by 3205.
3198
Calculate the remainder when 15746145 is divided by 2244.
2241
What is the remainder when 24886 is divided by 12208?
470
What is the remainder when 50330671 is divided by 9?
7
What is the remainder when 15833495 is divided by 1896?
1895
Calculate the remainder when 534705 is divided by 534414.
291
Calculate the remainder when 899114 is divided by 102.
86
Calculate the remainder when 8759986 is divided by 291.
13
Calculate the remainder when 360496792 is divided by 44.
40
Calculate the remainder when 100133 is divided by 376.
117
Calculate the remainder when 1070645 is divided by 535287.
71
What is the remainder when 237538 is divided by 644?
546
Calculate the remainder when 2868669 is divided by 963.
855
What is the remainder when 9645 is divided by 8806?
839
What is the remainder when 79958 is divided by 606?
572
What is the remainder when 479495739 is divided by 6?
3
What is the remainder when 132388700 is divided by 873?
869
Calculate the remainder when 6870706 is divided by 106.
104
Calculate the remainder when 3430497 is divided by 2861.
158
Calculate the remainder when 491972 is divided by 4472.
52
What is the remainder when 283388855 is divided by 93?
92
Calculate the remainder when 668407 is divided by 178.
17
What is the remainder when 8281124 is divided by 255?
254
What is the remainder when 19507483 is divided by 416?
411
What is the remainder when 1663 is divided by 571?
521
Calculate the remainder when 49571 is divided by 12384.
35
What is the remainder when 616652 is divided by 9484?
192
What is the remainder when 1053730 is divided by 50177?
13
What is the remainder when 3098137 is divided by 1549035?
67
What is the remainder when 6897725 is divided by 585?
575
Calculate the remainder when 9430981 is divided by 54.
43
What is the remainder when 5159815 is divided by 21?
10
Calculate the remainder when 464812 is divided by 1126.
900
What is the remainder when 46716 is divided by 2461?
2418
What is the remainder when 1811912 is divided by 202?
174
Calculate the remainder when 292690 is divided by 728.
34
What is the remainder when 8469425 is divided by 1880?
25
Calculate the remainder when 726925 is divided by 66065.
210
What is the remainder when 2524576 is divided by 76?
8
Calculate the remainder when 2504837 is divided by 4735.
22
Calculate the remainder when 633005 is divided by 157835.
1665
Calculate the remainder when 19775 is divided by 19716.
59
What is the remainder when 3566 is divided by 1633?
300
What is the remainder when 310612 is divided by 4635?
67
What is the remainder when 177038 is divided by 88453?
132
Calculate the remainder when 26254 is divided by 23440.
2814
What is the remainder when 941053 is divided by 58813?
45
What is the remainder when 2484140 is divided by 828044?
8
Calculate the remainder when 2869775 is divided by 1434824.
127
Calculate the remainder when 451739 is divided by 225849.
41
What is the remainder when 10214046 is divided by 2759?
228
What is the remainder when 73654210 is divided by 10148?
26
What is the remainder when 135225360 is divided by 33806339?
4
Calculate the remainder when 5456 is divided by 1164.
800
Calculate the remainder when 5292118 is divided by 2287.
0
Calculate the remainder when 218603106 is divided by 33.
18
Calculate the remainder when 316923 is divided by 1372.
1363
Calculate the remainder when 36940740 is divided by 95.
85
What is the remainder when 3950380 is divided by 3018?
2836
Calculate the remainder when 33507428 is divided by 219.
209
Calculate the remainder when 662378 is divided by 103.
88
Calculate the remainder when 232976567 is divided by 2024.
2023
Calculate the remainder when 7232286 is divided by 91.
61
Calculate the remainder when 6057904 is divided by 12388.
172
Calculate the remainder when 115667718 is divided by 12.
6
Calculate the remainder when 613753 is divided by 115.
113
Calculate the remainder when 1678367 is divided by 839167.
33
What is the remainder when 17806 is divided by 8779?
248
Calculate the remainder when 262341 is divided by 167.
151
Calculate the remainder when 478539 is divided by 17722.
45
Calculate the remainder when 21426832 is divided by 65.
37
Calculate the remainder when 519629529 is divided by 10.
9
What is the remainder when 5312140 is divided by 354142?
10
What is the remainder when 84065 is divided by 1116?
365
What is the remainder when 5074512 is divided by 546?
534
Calculate the remainder when 79975176 is divided by 417.
414
Calculate the remainder when 93208075 is divided by 2289.
2284
What is the remainder when 125513157 is divided by 87?
84
Calculate the remainder when 924823 is divided by 2202.
2185
What is the remainder when 19111 is divided by 2391?
2374
Calculate the remainder when 29353 is divided by 9513.
814
Calculate the remainder when 12446171 is divided by 169.
166
What is the remainder when 1281355 is divided by 227?
167
What is the remainder when 79039 is divided by 6529?
691
Calculate the remainder when 2121019 is divided by 1179.
1177
What is the remainder when 99632 is divided by 230?
42
What is the remainder when 79015136 is divided by 29?
25
What is the remainder when 2343025 is divided by 70?
55
Calculate the remainder when 43149355 is divided by 30.
25
What is the remainder when 93799 is divided by 10389?
298
Calcu